71
In base 2, what is -10001010 + -101011001?
-111100011
In base 15, what is 160 - 4a3?
-343
In base 3, what is -102011021110 - 11?
-102011021121
In base 9, what is 4 + -87001?
-86886
In base 11, what is -39 + 270?
232
In base 16, what is 7 - 835b?
-8354
In base 5, what is -3134441 - -2?
-3134434
In base 10, what is -43159 - 4?
-43163
In base 7, what is 3 - 114521?
-114515
In base 12, what is 98 + 218?
2b4
In base 15, what is -41 - 56b?
-5ac
In base 4, what is 333021 - 11333?
321022
In base 10, what is -1440364 + 4?
-1440360
In base 3, what is 1020 - 212002?
-210212
In base 9, what is 10614 + 6?
10621
In base 13, what is 1 + 53ca0?
53ca1
In base 8, what is 1756 + 27?
2005
In base 12, what is bb7 + 1?
bb8
In base 11, what is 19 + -596?
-578
In base 15, what is 5ca2 + 0?
5ca2
In base 14, what is 1ad04 - -1?
1ad05
In base 7, what is 10 + -1112?
-1102
In base 7, what is -5 + 11643?
11635
In base 4, what is 123202212 + 0?
123202212
In base 4, what is -12210231 - -3?
-12210222
In base 9, what is -210 + 83?
-116
In base 7, what is 1 + -5225003?
-5225002
In base 6, what is 2 - -125354?
125400
In base 5, what is 3 + -12424?
-12421
In base 12, what is -12857 - 3?
-1285a
In base 5, what is -123120 - -14?
-123101
In base 5, what is -4244321 - 10?
-4244331
In base 15, what is 631 + -8?
628
In base 10, what is -78 - -50?
-28
In base 13, what is 684 + 23?
6a7
In base 7, what is 61161 - 1?
61160
In base 5, what is 4 + -243130002?
-243124443
In base 9, what is -20603 + 11?
-20582
In base 14, what is -d + 9d489?
9d47a
In base 9, what is -7 + -14638?
-14646
In base 15, what is -482 - -21b?
-266
In base 13, what is 6 + -250b?
-2505
In base 3, what is -1221102000211 - -2?
-1221102000202
In base 8, what is 5 - 101415?
-101410
In base 13, what is -8152b - -13?
-81518
In base 15, what is 3eed9 + 5?
3eede
In base 13, what is -5ba52 - 5?
-5ba57
In base 13, what is -10 - -11843?
11833
In base 11, what is -1a129 - 2?
-1a130
In base 14, what is -d4 - -3c6?
2d2
In base 15, what is 205e2 + 5?
205e7
In base 4, what is -1100211 + 0?
-1100211
In base 6, what is -505 - 2201?
-3110
In base 10, what is 324 + 248?
572
In base 4, what is 100301212322 + -3?
100301212313
In base 13, what is -169 - 26?
-192
In base 13, what is -83a + 27?
-813
In base 6, what is 3302114 - -4?
3302122
In base 5, what is 101 + 4120?
4221
In base 10, what is 189 + -382?
-193
In base 6, what is 1151 + -32?
1115
In base 6, what is 11050 + -322?
10324
In base 15, what is e - -19ae?
19bd
In base 15, what is 158 + -71?
d7
In base 7, what is -521 + 1?
-520
In base 14, what is 93037 + 6?
9303d
In base 14, what is -222 + -5b?
-27d
In base 8, what is 317 - -3675?
4214
In base 13, what is 2c - 10ac?
-1080
In base 12, what is -2a + 68b7?
6889
In base 16, what is -3 + -22566?
-22569
In base 11, what is 5 - 475?
-470
In base 12, what is 375 + 226?
59b
In base 11, what is 0 - -20319?
20319
In base 9, what is 54545 - -4?
54550
In base 8, what is 4446 + -373?
4053
In base 4, what is 3330301 - -2313?
3333220
In base 11, what is -19077 - 3?
-1907a
In base 7, what is -12202 - 42?
-12244
In base 16, what is -f5d + 6?
-f57
In base 16, what is 1 + 1b22d?
1b22e
In base 15, what is 32d + 180a?
1b38
In base 6, what is -1442 - 2022?
-3504
In base 14, what is -3 - -149bb7?
149bb4
In base 3, what is -22 + -120012111?
-120012210
In base 8, what is -10 + 340?
330
In base 9, what is 413200 - 10?
413180
In base 4, what is -103130311202 - -3?
-103130311133
In base 14, what is -4 - -14539?
14535
In base 10, what is 2 + -10075?
-10073
In base 6, what is 332505 + 2?
332511
In base 9, what is -4162 + 646?
-3415
In base 6, what is -122 + 121422?
121300
In base 11, what is 5 + -210376?
-210371
In base 12, what is 8 + -41a6?
-419a
In base 7, what is -51 - 1015?
-1066
In base 14, what is -79 - cb7?
-d52
In base 15, what is -11 + -1583?
-1594
In base 8, what is -61057 - -5?
-61052
In base 3, what is 12201211002211 + 2?
12201211002220
In base 9, what is -1428205 + 0?
-1428205
In base 7, what is -461644 - 1?
-461645
In base 6, what is 15 + 1304424?
1304443
In base 13, what is -4 + ac440?
ac439
In base 15, what is -a - -5486?
547b
In base 12, what is 9bba1 + -1?
9bba0
In base 4, what is 11 + 3113032?
3113103
In base 14, what is 6bc + b?
6c9
In base 13, what is 5cc7 - ac?
5c18
In base 7, what is 16 - 15023?
-15004
In base 3, what is 2012 + -1002101?
-1000012
In base 13, what is -1 + -1bbc4?
-1bbc5
In base 10, what is 33458 - 5?
33453
In base 15, what is 374 - 330?
44
In base 11, what is 20132 + 0?
20132
In base 6, what is 414521 - -5?
414530
In base 6, what is 10545404 - -3?
10545411
In base 13, what is -1 - a22a?
-a22b
In base 4, what is -10100122 - -1103?
-10033013
In base 13, what is 1976a - -50?
197ba
In base 4, what is -11 + -113210333?
-113211010
In base 13, what is 4 + -239b1?
-239aa
In base 3, what is 201 + -112001221?
-112001020
In base 6, what is 10325 - -1054?
11423
In base 7, what is 105435 - -3?
105441
In base 5, what is -112422 + 43?
-112324
In base 13, what is -29288 - -5?
-29283
In base 2, what is -100000110111000000010 - 100?
-100000110111000000110
In base 10, what is 1256934 - 4?
1256930
In base 8, what is 5 - -4204?
4211
In base 9, what is 343 - -880?
1333
In base 12, what is -94927 - -8?
-9491b
In base 2, what is -10011 - 101000100?
-101010111
In base 11, what is -1357 + -5?
-1361
In base 5, what is -413022 - 104?
-413131
In base 12, what is -175 - -25a?
a5
In base 12, what is 134 - -16?
14a
In base 6, what is 22 + 22054?
22120
In base 13, what is 6135 - -a9?
6211
In base 16, what is 151c31 + 1?
151c32
In base 12, what is -200 - -a?
-1b2
In base 12, what is -4802 + -20?
-4822
In base 6, what is -24450 - 55?
-24545
In base 6, what is 43314 + 21?
43335
In base 13, what is 3 - 686a?
-6867
In base 2, what is -10000011101101000 - 10000?
-10000011101111000
In base 4, what is -20001 + -332?
-20333
In base 15, what is -4303 - -88?
-426a
In base 14, what is -b67 - 179?
-d02
In base 9, what is -68260 - 2?
-68262
In base 4, what is -10012 - 2120101?
-2130113
In base 7, what is 161 + 663?
1154
In base 4, what is -11 - 1002223?
-1002300
In base 3, what is 11022201000012 - 2?
11022201000010
In base 3, what is -11 - -212121201?
212121120
In base 2, what is 1110 - 10011111001010?
-10011110111100
In base 6, what is 33045550 - -3?
33045553
In base 14, what is 1 - 216413?
-216412
In base 9, what is 300281 + -2?
300278
In base 9, what is -1675 - 123?
-1808
In base 6, what is -31 + -2333034?
-2333105
In base 4, what is -2001030 + -13?
-2001103
In base 8, what is -57 + 17753?
17674
In base 9, what is 6 - -3832?
3838
In base 5, what is 41 - 304222?
-304131
In base 4, what is 132 + -22012223?
-22012031
In base 12, what is -1 - 704595?
-704596
In base 7, what is 0 + 46453?
46453
In base 5, what is 10 + -142222340?
-142222330
In base 7, what is 255444 - 3?
255441
In base 7, what is 146223 - -3?
146226
In base 4, what is -2 - -132113202?
132113200
In base 10, what is 2 + 17929?
17931
In base 6, what is -25 + 1121405?
1121340
In base 12, what is 447b9 + 2b?
44828
In base 9, what is 2 + 2052032?
2052034
In base 8, what is -321103 + 3?
-321100
In base 13, what is -8 - -113ca?
113c2
In base 2, what is 1000 + -100110101001001101?
-100110101001000101
In base 11, what is -31768 - 11?
-31779
In base 6, what is 1242051 + -4?
1242043
In base 8, what is 364 - -1071?
1455
In base 9, what is 247722 - -2?
247724
In base 10, what is -235716 - -9?
-235707
In base 2, what is -1001 - -100110101110?
100110100101
In base 13, what is -965 - 2c5?
-c5a
In base 8, what is 610256 + 2?
610260
In base 4, what is -31232031 + -1?
-31232032
In base 15, what is -d + -a6?
-b4
In base 9, what is -143 - -5401?
5247
In base 12, what is 2 + -346a6?
-346a4
In base 16, what is 1 - 28ad?
-28ac
In base 7, what is -14500 + 30?
-14440
In base 16, what is -19 + -cac2?
-cadb
In base 6, what is 305221 + -10?
305211
In base 6, what is -25 - 1354?
-1423
In base 10, what is -7403 - 455?
-7858
In base 14, what is -17a8 + -38?
-1802
In base 2, what is 1000011110010001 - -1100111?
1000011111111000
In base 12, what is -13ab3 + 4a?
-13a65
In base 13, what is -1a8a7 + -1?
-1a8a8
In base 6, what is 15 + 112124?
112143
In base 12, what is a - -19a1?
19ab
In base 2, what is -1101101100000111111 - -100?
-1101